231 a composite number?
False
Is 24901 prime?
False
Is 11729 prime?
False
Is 1361 a prime number?
True
Is 3803 a composite number?
False
Is 451 a composite number?
True
Is 33443 a composite number?
True
Is 58451 a prime number?
True
Is 35151 prime?
False
Is 2794551 composite?
True
Is 8663 a prime number?
True
Is 351941 a prime number?
False
Is 382807 a prime number?
True
Is 25693 prime?
True
Is 980795 prime?
False
Is 18947 a composite number?
False
Is 10313 prime?
True
Is 61179 a composite number?
True
Is 3089 a composite number?
False
Is 9031 prime?
False
Is 149893 a prime number?
True
Is 34141 a composite number?
False
Is 15877 prime?
True
Is 176181 composite?
True
Is 10883 a prime number?
True
Is 204667 prime?
True
Is 6245 prime?
False
Is 17239 a composite number?
False
Is 46555 a composite number?
True
Is 296213 prime?
True
Is 1823 prime?
True
Is 39761 a prime number?
True
Is 41434 a prime number?
False
Is 8573 a prime number?
True
Is 1527727 prime?
True
Is 170513 a composite number?
True
Is 178357 a composite number?
True
Is 76417 a composite number?
True
Is 3427 a prime number?
False
Is 2231 a prime number?
False
Is 4711 a prime number?
False
Is 42429 a prime number?
False
Is 5981 composite?
False
Is 19339 a composite number?
True
Is 1196593 prime?
True
Is 51763 composite?
True
Is 391162 prime?
False
Is 10039 a prime number?
True
Is 78297 composite?
True
Is 13367 prime?
True
Is 45007 a prime number?
True
Is 94345 prime?
False
Is 19417 composite?
False
Is 13309 composite?
False
Is 160523 prime?
False
Is 2086933 a prime number?
True
Is 73307 a composite number?
True
Is 11303 a composite number?
True
Is 5425235 composite?
True
Is 3251 a composite number?
False
Is 114269 composite?
False
Is 27179 a composite number?
False
Is 12421 a prime number?
True
Is 104513 a composite number?
False
Is 679 prime?
False
Is 392177 a prime number?
True
Is 7483 composite?
True
Is 54545 a composite number?
True
Is 130003 a prime number?
True
Is 2515 a prime number?
False
Is 31583 prime?
True
Is 347401 a prime number?
True
Is 881743 composite?
False
Is 3191 a composite number?
False
Is 82627 composite?
True
Is 14369 composite?
False
Is 1055789 a prime number?
False
Is 57011 composite?
True
Is 236755 a prime number?
False
Is 339 prime?
False
Is 10651 composite?
False
Is 43535 prime?
False
Is 54709 a composite number?
False
Is 14377 a composite number?
True
Is 59611 a composite number?
False
Is 10765 composite?
True
Is 2069047 composite?
False
Is 583841 a prime number?
True
Is 37451 a composite number?
True
Is 990707 a composite number?
False
Is 20993 prime?
False
Is 9247 a prime number?
False
Is 104365 a composite number?
True
Is 153593 composite?
True
Is 3293 prime?
False
Is 1171 a prime number?
True
Is 59351 a prime number?
True
Is 5581 a prime number?
True
Is 2111507 a prime number?
True
Is 21751 prime?
True
Is 74759 a composite number?
False
Is 25709 composite?
True
Is 41371 composite?
True
Is 3589 a composite number?
True
Is 10511 prime?
False
Is 2477 composite?
False
Is 1157099 prime?
True
Is 3494 prime?
False
Is 4937 a prime number?
True
Is 18053 a composite number?
True
Is 858623 composite?
False
Is 23007 a prime number?
False
Is 104393 a prime number?
True
Is 1008373 prime?
True
Is 41281 a composite number?
False
Is 1676431 prime?
True
Is 2403893 composite?
True
Is 4663 prime?
True
Is 1535 composite?
True
Is 2521703 a prime number?
True
Is 395153 prime?
False
Is 2860129 a composite number?
False
Is 15259 prime?
True
Is 194179 a composite number?
False
Is 18689 a composite number?
True
Is 313183 a prime number?
False
Is 17521 a prime number?
False
Is 2777 prime?
True
Is 35761 composite?
True
Is 194017 prime?
True
Is 4253 a prime number?
True
Is 3547 a composite number?
False
Is 11337 composite?
True
Is 30757 prime?
True
Is 202009 prime?
False
Is 186841 prime?
True
Is 359 a prime number?
True
Is 2525957 composite?
True
Is 404806 a prime number?
False
Is 92579 prime?
False
Is 148663 a prime number?
True
Is 3251 a composite number?
False
Is 14359 composite?
True
Is 16183 composite?
False
Is 293 prime?
True
Is 111 composite?
True
Is 1823 a prime number?
True
Is 4742 a composite number?
True
Is 47721 a prime number?
False
Is 25923 composite?
True
Is 481 prime?
False
Is 470753 prime?
False
Is 14374 composite?
True
Is 60511 prime?
False
Is 17233 composite?
True
Is 7493 a prime number?
False
Is 5629 a composite number?
True
Is 72305 composite?
True
Is 150781 a prime number?
False
Is 111029 a composite number?
False
Is 3158 a composite number?
True
Is 2887 a composite number?
False
Is 11729 a prime number?
False
Is 33965 a prime number?
False
Is 383609 composite?
False
Is 2437 a composite number?
False
Is 870718 a composite number?
True
Is 29123 a prime number?
True
Is 6047 a prime number?
True
Is 391817 composite?
False
Is 40881 composite?
True
Is 3611 a composite number?
True
Is 2115851 composite?
True
Is 97547 a prime number?
True
Is 21239 composite?
True
Is 299 composite?
True
Is 41523 a composite number?
True
Is 656141 a prime number?
True
Is 2267 a composite number?
False
Is 40751 a prime number?
True
Is 86501 prime?
True
Is 422806 composite?
True
Is 75917 prime?
False
Is 278453 composite?
True
Is 68707 prime?
False
Is 8311 composite?
False
Is 45751 a composite number?
False
Is 3659 prime?
True
Is 414521 composite?
False
Is 848611 a composite number?
False
Is 75065 composite?
True
Is 271211 composite?
False
Is 5847 a prime number?
False
Is 773689 prime?
False
Is 14809 a prime number?
False
Is 323537 a composite number?
False
Is 197479 prime?
True
Is 46929 a prime number?
False
Is 45635 a composite number?
True
Is 1435403 composite?
False
Is 65287 a composite number?
False
Is 67451 a prime number?
False
Is 4861 a prime number?
True
Is 141893 composite?
True
Is 2077171 prime?
False
Is 4751 a prime number?
True
Is 50887 a prime number?
False
Is 185267 prime?
True
Is 191747 prime?
True
Is 202087 prime?
True
Is 70309 composite?
False
Is 420377 prime?
False
Is 5981 a prime number?
True
Is 104695 prime?
False
Is 396703 a prime number?
True
Is 48005 composite?
True
Is 946469 prime?
True
Is 433229 composite?
False
Is 64849 a composite number?
False
Is 8413 composite?
True
Is 12387 a composite number?
True
Is 92551 composite?
False
Is 35713 a prime number?
False
Is 106985 prime?
False
Is 5323 composite?
False
Is 307811 composite?
True
Is 6637 a composite number?
False
Is 26737 a composite number?
False
Is 10661 a prime number?
False
Is 83527 a prime number?
False
Is 298241 a composite number?
True
Is 14899 a prime number?
False
Is 258143 a composite number?
False
Is 1313 composite?
True
Is 307067 a prime number?
True
Is 383479 a prime number?
False
Is 3877259 prime?
True
Is 406703 a prime number?
False
Is 66221 a composite number?
False
Is 34283 a prime number?
True
Is 116903 composite?
False
Is 24221 a composite number?
True
Is 27733 a composite number?
False
Is 37117 composite?
False
Is 935581 a prime number?
True
Is 694 a prime number?
False
Is 9467 a composite number?
False
Is 2281 a prime number?
True
Is 9953 composite?
True
Is 293147 prime?
True
Is 4659 composite?
True
Is 568415 a composite number?
True
Is 67922 composite?
True
Is 896191 a prime number?
True
Is 1147 prime?
False
Is 91753 a prime number?
True
Is 587507 a composite number?
True
Is 5501 prime?
True
Is 2178899 a composite number?
True
Is 1890697 composite?
False
Is 1476241 a composite number?
True
Is 17077 prime?
True
Is 2477 prime?
True
Is 412283 a composite number?
True
Is 61949 a composite number?
False
Is 9601 a composite number?
False
Is 4423 composite?
False
Is 120277 composite?
False
Is 164258 a composite number?
True
Is 4049 composite?
False
Is 25693 a composite number?
False
Is 6247 a composite number?
False
Is 590927 a prime number?
False
Is 40861 a composite number?
True
Is 374603 a prime number?
True
Is 9527 composite?
True
Is 953 composite?
False
Is 39687 a prime number?
False
Is 21089 prime?
True
Is 197609 a composite number?
False
Is 25567 a composite number?
True
Is 68329 prime?
True
Is 5937 a composite number?
True
Is 6407 composite?
True
Is 9391 composite?
False
Is 7873 a composite number?
False
Is 1463149 a composite number?
False
Is 14503 prime?
True
Is 298765 prime?
False